vided by 373330?
72
Calculate the remainder when 2350400 is divided by 40.
0
What is the remainder when 2037199 is divided by 21?
10
What is the remainder when 149311 is divided by 74593?
125
Calculate the remainder when 1133469 is divided by 69.
6
What is the remainder when 99463 is divided by 6304?
4903
Calculate the remainder when 160818 is divided by 78948.
2922
What is the remainder when 1134544 is divided by 294?
292
Calculate the remainder when 84520 is divided by 19320.
7240
What is the remainder when 421254 is divided by 70209?
0
What is the remainder when 13151 is divided by 3693?
2072
What is the remainder when 178134751 is divided by 4492?
4491
Calculate the remainder when 4706 is divided by 1416.
458
What is the remainder when 23915743 is divided by 11957857?
29
Calculate the remainder when 92624 is divided by 5447.
25
Calculate the remainder when 6233446 is divided by 314.
232
What is the remainder when 2410585 is divided by 24329?
2014
What is the remainder when 269057 is divided by 456?
17
Calculate the remainder when 3365891 is divided by 24568.
75
What is the remainder when 54452 is divided by 2783?
1575
What is the remainder when 160967 is divided by 26664?
983
What is the remainder when 937746 is divided by 468873?
0
Calculate the remainder when 2669949 is divided by 695.
454
What is the remainder when 15997475 is divided by 32849?
12
What is the remainder when 3249489 is divided by 101543?
113
Calculate the remainder when 762559 is divided by 761852.
707
Calculate the remainder when 148155 is divided by 1703.
1697
Calculate the remainder when 313973 is divided by 439.
88
Calculate the remainder when 70782934 is divided by 257.
251
Calculate the remainder when 47787543 is divided by 2659.
2654
Calculate the remainder when 5745778 is divided by 548.
546
Calculate the remainder when 268136 is divided by 38301.
29
What is the remainder when 7548 is divided by 7235?
313
What is the remainder when 1294884324 is divided by 43?
40
What is the remainder when 18540081 is divided by 24886?
11
Calculate the remainder when 10010270 is divided by 170.
160
What is the remainder when 55905 is divided by 3198?
1539
Calculate the remainder when 5285112 is divided by 160154.
30
What is the remainder when 1223327 is divided by 2348?
19
What is the remainder when 15231170 is divided by 136?
122
Calculate the remainder when 1676367 is divided by 44.
11
What is the remainder when 5734254 is divided by 36?
30
What is the remainder when 20877 is divided by 20773?
104
Calculate the remainder when 2024065 is divided by 53.
48
What is the remainder when 2403842 is divided by 249?
245
Calculate the remainder when 6105044 is divided by 6105014.
30
Calculate the remainder when 2765 is divided by 123.
59
Calculate the remainder when 4072636 is divided by 101815.
36
What is the remainder when 42562 is divided by 23?
12
Calculate the remainder when 1556451 is divided by 120.
51
Calculate the remainder when 2944432 is divided by 176.
128
Calculate the remainder when 845854 is divided by 959.
16
What is the remainder when 69410176 is divided by 2842?
10
Calculate the remainder when 447401 is divided by 128.
41
Calculate the remainder when 1322365 is divided by 1226.
737
What is the remainder when 142983 is divided by 1768?
1543
Calculate the remainder when 22592860 is divided by 256737.
4
What is the remainder when 12672 is divided by 3821?
1209
Calculate the remainder when 3388001 is divided by 154000.
1
What is the remainder when 1011621 is divided by 33?
6
What is the remainder when 195284 is divided by 1864?
1428
Calculate the remainder when 3127247 is divided by 18394.
267
What is the remainder when 169580839 is divided by 27?
22
Calculate the remainder when 100078 is divided by 1495.
1408
Calculate the remainder when 263074 is divided by 262516.
558
What is the remainder when 271977 is divided by 422?
209
What is the remainder when 5424711 is divided by 66?
39
Calculate the remainder when 1091061 is divided by 64180.
1
What is the remainder when 212957 is divided by 15097?
1599
What is the remainder when 558201 is divided by 352?
281
Calculate the remainder when 15092 is divided by 105.
77
Calculate the remainder when 21396690 is divided by 1645899.
3
Calculate the remainder when 3214479 is divided by 799.
102
Calculate the remainder when 5681445 is divided by 2840719.
7
Calculate the remainder when 15700653 is divided by 5233512.
117
Calculate the remainder when 4433020 is divided by 8992.
8956
Calculate the remainder when 101797884 is divided by 771196.
12
Calculate the remainder when 136611959 is divided by 10.
9
Calculate the remainder when 17938729 is divided by 1793872.
9
What is the remainder when 3040744 is divided by 1823?
1803
What is the remainder when 36429996 is divided by 1639?
1582
What is the remainder when 1877 is divided by 54?
41
Calculate the remainder when 29343 is divided by 204.
171
Calculate the remainder when 52032312 is divided by 52032291.
21
Calculate the remainder when 26947 is divided by 6296.
1763
What is the remainder when 28997732 is divided by 67?
65
Calculate the remainder when 1815255 is divided by 201693.
18
Calculate the remainder when 256632510 is divided by 229.
225
Calculate the remainder when 414784 is divided by 59231.
167
Calculate the remainder when 19040 is divided by 4662.
392
Calculate the remainder when 306505 is divided by 1205.
435
Calculate the remainder when 54996 is divided by 52379.
2617
Calculate the remainder when 11640267 is divided by 1164025.
17
Calculate the remainder when 182254 is divided by 9083.
594
Calculate the remainder when 2812408 is divided by 1989.
1951
What is the remainder when 17497822 is divided by 9263?
15
Calculate the remainder when 823610 is divided by 12.
2
What is the remainder when 115679 is divided by 491?
294
What is the remainder when 31872990 is divided by 264?
6
Calculate the remainder when 176193 is divided by 42269.
7117
What is the remainder when 43108844 is divided by 348?
344
Calculate the remainder when 341906 is divided by 305.
1
Calculate the remainder when 333031 is divided by 53744.
10567
What is the remainder when 362265 is divided by 1589?
1562
Calculate the remainder when 11945806 is divided by 30.
16
What is the remainder when 13666 is divided by 3086?
1322
What is the remainder when 2920383 is divided by 78?
63
What is the remainder when 2467433 is divided by 9490?
33
Calculate the remainder when 676510 is divided by 44.
10
What is the remainder when 2719827 is divided by 3641?
0
What is the remainder when 7240640 is divided by 38514?
8
Calculate the remainder when 7670 is divided by 2585.
2500
What is the remainder when 90393401 is divided by 14?
7
Calculate the remainder when 28443918 is divided by 1876.
6
Calculate the remainder when 2610675 is divided by 237318.
177
What is the remainder when 109364169 is divided by 557?
4
What is the remainder when 20716376 is divided by 5179091?
12
Calculate the remainder when 60473997 is divided by 94.
37
What is the remainder when 139287400 is divided by 76?
72
Calculate the remainder when 11715 is divided by 1928.
147
What is the remainder when 651779 is divided by 217240?
59
What is the remainder when 275948 is divided by 31?
17
What is the remainder when 277383 is divided by 476?
351
Calculate the remainder when 10211088 is divided by 5105538.
12
What is the remainder when 146524 is divided by 2572?
2492
Calculate the remainder when 3244698 is divided by 271.
15
Calculate the remainder when 28488 is divided by 9471.
75
Calculate the remainder when 764905139 is divided by 1903.
1901
Calculate the remainder when 8675890 is divided by 206.
200
Calculate the remainder when 47840175 is divided by 6.
3
Calculate the remainder when 1523493 is divided by 190434.
21
Calculate the remainder when 812635 is divided by 2641.
1848
What is the remainder when 1151363 is divided by 71950?
163
What is the remainder when 1217220 is divided by 2396?
52
Calculate the remainder when 22343434 is divided by 222.
22
What is the remainder when 3104803 is divided by 570?
13
Calculate the remainder when 139939 is divided by 419.
412
Calculate the remainder when 6731077 is divided by 747892.
49
What is the remainder when 167686905